is -875 (base 9) in base 3?
-222112
What is -20012023 (base 4) in base 11?
-22a09
-2330102 (base 4) to base 16
-2f12
-840 (base 13) to base 12
-990
What is 362061 (base 7) in base 10?
65556
What is 16052 (base 7) in base 10?
4496
Convert 50c (base 16) to base 3.
1202212
Convert 1602 (base 7) to base 3.
212200
What is 1001100011 (base 2) in base 14?
319
What is -1011000111 (base 2) in base 11?
-597
32001 (base 4) to base 8
1601
What is 15415 (base 8) in base 5?
210200
Convert 10433 (base 6) to base 16.
5b5
What is -1211 (base 6) in base 3?
-101221
What is 10202113 (base 4) in base 11?
12a64
What is 3292 (base 13) in base 7?
26356
-1136 (base 10) to base 9
-1502
What is -a19 (base 14) in base 4?
-132333
What is 320340 (base 5) in base 8?
24740
Convert -aba (base 12) to base 4.
-120232
101240 (base 5) to base 16
cf8
Convert 1a79 (base 14) to base 3.
20121012
What is 17 (base 14) in base 6?
33
-1101112 (base 3) to base 10
-1013
Convert 5020 (base 11) to base 15.
1ea2
677 (base 9) to base 15
271
1010001001000110 (base 2) to base 10
41542
-1100111000011001 (base 2) to base 4
-30320121
What is -123211 (base 4) in base 10?
-1765
323210 (base 5) to base 11
8340
Convert 1aad (base 14) to base 12.
2989
What is 1010210022 (base 3) in base 4?
11132231
-12533 (base 9) to base 3
-102121010
Convert -4443 (base 7) to base 3.
-2012020
What is -25b (base 15) in base 5?
-4121
What is -56 (base 14) in base 2?
-1001100
What is 2d5 (base 16) in base 9?
885
-10102212 (base 3) to base 4
-213023
Convert -43410 (base 9) to base 15.
-87c9
Convert 18871 (base 9) to base 16.
3331
Convert -271 (base 10) to base 8.
-417
Convert -2500 (base 6) to base 9.
-750
What is 626 (base 8) in base 6?
1514
-12002 (base 4) to base 6
-1442
Convert 524 (base 6) to base 7.
400
What is -11010010101 (base 2) in base 13?
-9c8
-1a1d (base 15) to base 7
-22324
What is 3613 (base 7) in base 12?
931
Convert -211020211 (base 3) to base 4.
-3331132
Convert -1 (base 11) to base 2.
-1
What is 11434 (base 5) in base 11?
720
-11555 (base 8) to base 4
-1031231
3196 (base 11) to base 9
5707
What is -11a27 (base 12) in base 10?
-23935
11100 (base 3) to base 11
a7
What is -333 (base 15) in base 2?
-1011010011
-32fd (base 16) to base 10
-13053
Convert -373e (base 16) to base 4.
-3130332
Convert 7484 (base 9) to base 4.
1111333
5312 (base 6) to base 11
998
What is 248 (base 15) in base 13?
30b
Convert c11 (base 13) to base 4.
133322
413 (base 5) to base 8
154
-111211 (base 3) to base 9
-454
Convert -202a (base 12) to base 11.
-2693
Convert 11212 (base 5) to base 4.
30213
-1212200 (base 3) to base 12
-960
What is 1351 (base 15) in base 11?
3111
What is 495 (base 12) in base 16?
2b1
5379 (base 10) to base 16
1503
Convert c70 (base 14) to base 4.
212102
What is -134d (base 16) in base 10?
-4941
Convert 673 (base 12) to base 4.
32313
Convert -103000 (base 4) to base 2.
-10011000000
Convert 102202 (base 3) to base 6.
1245
Convert -10233 (base 5) to base 9.
-850
Convert -80 (base 12) to base 4.
-1200
What is -22251 (base 6) in base 13?
-1567
Convert -121124 (base 6) to base 15.
-3241
Convert 145e (base 16) to base 4.
1101132
Convert b28 (base 16) to base 9.
3823
What is 50ce (base 16) in base 2?
101000011001110
Convert 10000110010 (base 2) to base 13.
648
What is -11100001010 (base 2) in base 8?
-3412
What is 746 (base 15) in base 5?
23031
What is 278 (base 16) in base 7?
1562
Convert 110213 (base 4) to base 6.
10035
What is 4243 (base 6) in base 11?
7a6
1001320 (base 4) to base 7
15202
What is 2861 (base 9) in base 4?
201301
Convert -31302 (base 6) to base 14.
-1770
What is aef0 (base 16) in base 4?
22323300
1151 (base 6) to base 14
163
Convert -106 (base 15) to base 11.
-1a0
Convert -104013 (base 6) to base 4.
-2013021
Convert -21db (base 14) to base 10.
-5877
7a (base 14) to base 11
99
a8d (base 14) to base 9
2766
What is 13a12 (base 11) in base 3?
1000020110
Convert 112424 (base 5) to base 4.
1000102
111000110110001 (base 2) to base 3
1110220222
-1182 (base 14) to base 11
-2327
-528e (base 15) to base 16
-4433
What is ce (base 16) in base 13?
12b
What is 140313 (base 6) in base 14?
4aa1
What is -aa79 (base 16) in base 14?
-11c93
Convert 2122222211 (base 3) to base 5.
3134413
Convert -788 (base 12) to base 16.
-458
What is -902 (base 15) in base 12?
-120b
2ca (base 15) to base 12
454
-1101000 (base 3) to base 5
-12444
-2343 (base 8) to base 10
-1251
Convert -11a (base 15) to base 5.
-2000
Convert ad6 (base 14) to base 4.
201210
What is -4d09 (base 15) in base 16?
-4032
3607 (base 9) to base 3
10200021
Convert 331340 (base 5) to base 9.
16654
What is -243103 (base 5) in base 10?
-9153
What is 1293 (base 10) in base 14?
685
Convert 1755 (base 8) to base 14.
51b
25640 (base 8) to base 7
44363
-1821 (base 9) to base 8
-2564
Convert -2134 (base 14) to base 10.
-5730
What is -132 (base 8) in base 11?
-82
526 (base 11) to base 3
212110
Convert -120d (base 15) to base 3.
-12021011
What is -35534 (base 9) in base 13?
-aa80
-73ca (base 15) to base 5
-1240430
25c (base 14) to base 13
2a6
Convert -4c40 (base 16) to base 2.
-100110001000000
What is 11301 (base 9) in base 3?
101100001
Convert -4a8 (base 14) to base 6.
-4152
Convert -3644 (base 11) to base 14.
-1a47
3338 (base 9) to base 7
10121
-a02 (base 12) to base 8
-2642
Convert 10000111001100010 (base 2) to base 16.
10e62
-1270 (base 10) to base 7
-3463
Convert -2381 (base 9) to base 2.
-11011101110
Convert 203311 (base 4) to base 7.
6454
What is -2165 (base 7) in base 12?
-552
-22751 (base 9) to base 5
-441233
What is 1518 (base 14) in base 12?
2202
Convert 7422 (base 9) to base 13.
2630
aa2 (base 13) to base 16
71e
What is 1426 (base 7) in base 3?
202201
433 (base 6) to base 4
2211
713 (base 15) to base 13
957
-22265 (base 7) to base 10
-5633
What is 1070 (base 11) in base 4?
112000
What is -4120 (base 6) in base 5?
-12122
What is 23230 (base 4) in base 10?
748
What is -110201011 (base 3) in base 2?
-10010000110001
Convert 1021131 (base 4) to base 9.
6403
-1b42 (base 16) to base 11
-5274
Convert -1482 (base 12) to base 10.
-2402
Convert -cd (base 16) to base 10.
-205
What is 1f4 (base 16) in base 4?
13310
24502 (base 6) to base 13
186b
What is -2233 (base 10) in base 7?
-6340
Convert 141 (base 7) to base 10.
78
What is -1230221 (base 4) in base 2?
-1101100101001
-4475 (base 10) to base 7
-16022
What is 75 (base 15) in base 6?
302
What is 65203 (base 7) in base 3?
211020211
What is 12130 (base 4) in base 3?
120021
What is -237d (base 15) in base 16?
-1d77
91b (base 12) to base 14
6a3
Convert 112001121 (base 3) to base 8.
24011
Convert 102223 (base 5) to base 6.
23530
Convert -124211 (base 5) to base 3.
-20202122
Convert 2a1 (base 11) to base 10.
353
-1135 (base 9) to base 5
-11332
-1124 (base 10) to base 9
-1478
1111000101001 (base 2) to base 14
2b57
-523 (base 8) to base 4
-11103
Convert 45 (base 12) to base 9.
58
1453 (base 11) to base 6
12401
What is -13302 (base 4) in base 12?
-356
-368 (base 14) to base 8
-1250
1345 (base 7) to base 6
2231
-402 (base 13) to base 2
-1010100110
1112 (base 13) to base 16
94d
1011100 (base 4) to base 9
6064
Convert 1030344 (base 6) to base 11.
35093
39a1 (base 11) to base 6
40013
-ea6 (base 15) to base 7
-12432
Convert 24303 (base 5) to base 7.
5221
What is c99 (base 15) in base 9?
3810
What is 1213211 (base 4) in base 9?
10075
1712 (base 14) to base 12
2484
140 (base 7) to base 13
5c
What is 3 (base 10) in base 16?
3
What is 11322 (base 4) in base 9?
460
Convert -1222210 (base 3) to base 16.
-5ac
What is -14124 (base 5) in base 7?
-3252
Convert 740 (base 10) to base 7.
2105
What is -202102 (base 3) in base 12?
-39b
Convert c07 (base 16) to base 10.
3079
What is 274 (base 15) in base 7?
1426
Convert 1100101110010100 (base 2) to base 6.
1041140
What is 10b39 (base 13) in base 12?
15770
Convert -3728 (base 13) to base 11.
-5959
What is 231 (base 4) in base 5?
140
-1513 (base 6) to base 9
-500
What is 245634 (base 7) in base 2?
1011000011000100
Convert -46354 (base 7) to base 15.
-379d
101110010001 (base 2) to base 11
2252
Convert 2001 (base 11) to base 14.
d83
Convert -50b7 (base 13) to base 7.
-44315
-d89 (base 16) to base 3
-11202100
What is -10110 (base 4) in base 5?
-2101
1ccc (base 14) to base 11
3a67
30127 (base 8) to base 12
